e -8796 = 47*x - 8655. Let p(a) be the first derivative of a**4/4 - 4*a**2 - 2*a - 2. Calculate p(x).
-5
Let m(o) = 10*o**2 - 411496 - 6*o + 24*o + 411503 + o**3. Determine m(-9).
-74
Let d(x) = x**3 - 8*x**2 + 11*x - 5. Let k(b) = 28*b - 166. Let m be k(6). Let r be (-5)/10 + 15/m. Calculate d(r).
23
Let n = 143 - 141. Suppose -32 = n*r - 38. Let g(v) = -3 - r*v**2 + 29*v + 3 - 28*v. What is g(3)?
-24
Let a(k) be the second derivative of 1/4*k**4 - 17/6*k**3 + 1/120*k**5 + 0*k**2 + 0 + 2*k. Let l(b) be the second derivative of a(b). What is l(-5)?
1
Let c(v) = -v**3 + 18*v**2 - 2*v + 5. Let w(r) = 2*r**2 - 15*r + 46. Let b be w(4). Give c(b).
-31
Let y(a) = -a**2 - 14*a + 67. Let t = -3116 - -3099. Calculate y(t).
16
Let r = -1860 - -1862. Let d(g) be the second derivative of -r*g - 7/2*g**2 + 5/6*g**3 + 1/2*g**4 + 0 + 1/20*g**5. Give d(-5).
-7
Let j(a) = -15*a**2 - 2*a + 1. Let m be j(1). Let b be (m/(-12))/((-4)/(-132)). Suppose b = 10*x + 4. Let t(n) = n**3 - 3*n**2 - 3*n + 1. What is t(x)?
5
Let d(x) = -44*x + x**2 - 65*x + 191*x + 4 - 71*x. Let t(b) = b**2 - 11*b - 13. Let i be t(11). Calculate d(i).
30
Let y(s) = s**2 + 5*s + 1. Let z(l) = 2*l**2 + 6*l - 1. Let j(h) = -5*y(h) + 4*z(h). Let d(g) = 2*g**2 - g - 8. Let w(o) = -4*d(o) + 3*j(o). Determine w(0).
5
Let p(o) = 7*o**3 + 16*o**2 + 4*o - 11. Let v = -83 + 89. Let z(w) = -20*w**3 - 46*w**2 - 11*w + 32. Let m(j) = v*z(j) + 17*p(j). Calculate m(-4).
-3
Suppose -2*f - 2*d = -50, 0 = 5*f + d - 129 + 24. Suppose m = -4*m - f. Let c(j) be the second derivative of -j**4/12 - j**3 - 3*j**2 - j. What is c(m)?
2
Let c = -281 + 286. Suppose c*u = 7*u + 14. Let h(f) = f + 9. Calculate h(u).
2
Let t(y) = y**2 - 3*y - 39. Let j(z) = 25. Let f(i) = -2*j(i) - t(i). Give f(6).
-29
Let b = -10833 - -10826. Let o(n) = n**3 + 5*n**2 - 7*n + 43. What is o(b)?
-6
Suppose 2*h + 4 = 4*y - 0, -4*h + 2*y - 8 = 0. Let k(j) = -191*j + 5. Let t(m) = 165*m - 4. Let r(a) = -6*k(a) - 7*t(a). What is r(h)?
16
Let s(i) be the third derivative of -i**4/8 + 5*i**3/3 - 86*i**2 + 2*i. Give s(5).
-5
Let p(w) = -w - 21. Let c be p(-24). Suppose 0 = -2*l - 1 + c. Let g(i) = -5*i + 3 - l - i**3 - 6*i**2 + 4 - 2. Calculate g(-4).
-8
Let j(m) = -m**3 + m**2 + m - 9. Let r be (8 - 8)*(403/65 - 6). Give j(r).
-9
Let w(a) = 8975 - 4493 - a**3 - 4488 + 4*a**2 + 3*a. What is w(4)?
6
Let f be ((-16)/10)/(-2 - 48/(-30)). Suppose 0 = -f*d + 4*j + 20, 2*j + 16 + 0 = 5*d. Suppose 2*t + 0 = -d. Let b(m) = -4*m**3 + 2*m**2 - 1. Give b(t).
5
Let n(p) = 2*p**3 + 100*p**2 + 282*p + 5. Let f be n(-47). Suppose -29 + 7 = 2*k. Let r = k + f. Let c(h) = h**3 + 5*h**2 - 6*h - 3. What is c(r)?
-3
Let x(w) = w**3 - 7*w**2 - w - 4. Let p be (-24)/60*(-32 - -2). Suppose -5*h = u - 36, 0 = -h + 3*u - 8*u + p. What is x(h)?
-11
Let a(w) be the second derivative of -3*w**3/2 - 86*w**2 + 1254*w. Determine a(-21).
17
Let k(l) be the third derivative of -l**7/840 + l**5/120 - l**4/24 + 5*l**3/3 + 78*l**2. Let b(q) be the first derivative of k(q). What is b(1)?
-1
Let q(h) = -11*h**3 + 21*h**2 - 6*h - 10. Let i(d) = 7*d**3 - 13*d**2 + 4*d + 7. Let x(g) = 8*i(g) + 5*q(g). Determine x(-3).
-18
Let g(o) = -7*o**3 + 6*o**2 + 9*o + 16. Let c(d) = 2*d**3 - 1. Let u(f) = 4*c(f) + g(f). Let r be u(-5). Let x(i) = i**2 + 10*i + 12. What is x(r)?
-4
Let j(y) = 2*y - 11. Let p(d) = -d + 2. Let q be 70/(-49) - (54/(-21))/6. Let t(c) = q*p(c) - j(c). Give t(6).
3
Let l be ((56/(-6))/(-7))/((-49)/147). Let i(z) = z**3 + 3*z**2 + 10*z + 10. Determine i(l).
-46
Let b(p) = 34*p + 579. Suppose -5*i - 595 = -510. What is b(i)?
1
Let m(z) be the second derivative of -2*z**3/3 + 3*z**2/2 - z - 5778. Let f be 1/(-2) - 15/(-2). Give m(f).
-25
Let t(x) be the second derivative of -x**4/12 + x**3 - x + 54. Let y be t(4). Let v(d) = d**2 - 5*d + 11. Calculate v(y).
35
Let q(x) = -463*x - 461*x + 34 - 58 + 926*x. What is q(14)?
4
Let z(v) = -v**3 - 7*v**2 - 4*v - 31. Suppose 3*p + 37 = 3*m + 52, 4*m + p = -30. Calculate z(m).
-3
Let g = -53 - -57. Let f(s) = -2*s**2 - 5 + 74306*s - 74304*s + 20*s**3 + g. Calculate f(1).
19
Let l(p) = -p**2 - 155 - 26*p + 0*p**2 + 18*p + 177. What is l(-9)?
13
Let n(g) = g**2 - 1. Let z(i) = -i**3 + 13*i**2 + 3*i - 4. Let w(k) = -k**2 - 7*k + 1. Let l be w(0). Let t(u) = l*z(u) - 5*n(u). Calculate t(8).
25
Let s(p) = -5 + 4 + 2*p**2 - p + 2. Let d be s(0). Let w(a) = 2 - 2 + 4*a. What is w(d)?
4
Let l(h) = 8*h**3 - 6 - 7*h**2 - 7*h**3 + 10*h**2 + 7*h**2 - 13*h. Determine l(-11).
16
Let t(m) = m**2 + 8*m - 12. Let h = 97 + -78. Suppose h = -4*v - 1. Let a(d) = 7*d + 25. Let k be a(v). Determine t(k).
8
Let p(m) = 63413*m**2 + 7 - 4*m + m**3 - 63406*m**2 - 2. Determine p(-7).
33
Let u(l) = l**2 + l - 15. Let d = -10873 - -10864. Determine u(d).
57
Let r(x) be the second derivative of -x**5/20 + 7*x**4/12 - x**3/6 - x**2/2 - 2*x. Let p = 484 - 462. Let g be (-2*(-12)/22)/(p/121). Calculate r(g).
29
Let a(o) = 2*o - 3. Let t(k) = 5*k - 224. Let z be t(46). Suppose -2*i + z*i = j - 6, -2*j = i - 3. What is a(j)?
1
Let v(j) = -j**2 + 3*j. Let y(n) be the third derivative of n**5/20 - n**4/3 + n**3/2 - 32*n**2. Let c(h) = -2*v(h) - y(h). Let b = -5 + 10. What is c(b)?
-18
Let x(g) be the first derivative of -g**2/2 - 16*g + 2827. Determine x(-15).
-1
Let p(c) = -5*c**3 - 11*c**2 + 9*c + 8. Let l(u) = -u + 24. Let h be l(18). Let r(j) = -4*j**3 - 9*j**2 + 8*j + 7. Let d(g) = h*r(g) - 5*p(g). What is d(-2)?
-8
Let v(y) be the first derivative of y - y**2 - 1/4*y**4 + 16 + 5/3*y**3. Suppose 4*u - 5*g - 2 - 38 = 0, -5*g = 2*u + 10. Give v(u).
-9
Let m(g) = -6*g - 69*g**3 - 7*g**2 + 229 + 68*g**3 - 225. Let h(x) = x**3 + 7*x**2 + 7*x + 4. Let p be h(-6). Let s be ((-3)/(-2) + p)*12. Determine m(s).
4
Let y(t) = 24*t + 16. Let u(h) = h**2 + h + 12. Let n(d) = 3*u(d) - y(d). Determine n(7).
20
Let z(b) = 2 + 26*b**2 - 4*b**2 - 26*b**2. Calculate z(0).
2
Let a be (-231)/132 + (-43)/(-4). Let r(d) = -d**3 + 10*d**2 - 7*d - 12. Calculate r(a).
6
Let k(y) = -2*y + 13. Suppose 28*u + 10 = 30*u. Suppose 10 = 5*b - 5, u*g - 4*b = -47. Let x(c) = 5*c - 25. Let f(a) = g*k(a) - 3*x(a). Determine f(0).
-16
Let z = -466 + 468. Let p(w) = 4*w**z + 2034 - 7*w - 5*w**2 - 2033. Determine p(-9).
-17
Let c(h) = -17*h**3 - 4*h**2 - 21 + 1426*h - 1426*h + 16*h**3. What is c(-4)?
-21
Let b be ((-9)/(-324))/(207/(-27) - -8). Let a(m) be the second derivative of 2*m + b*m**4 + 11/6*m**3 + 0 - 9/2*m**2. What is a(-10)?
-19
Let t(y) be the third derivative of y**5/10 - y**4/24 - y**3/2 - 338*y**2 - 1. Calculate t(-2).
23
Let k(d) be the third derivative of 0 - 1/8*d**4 + 249*d**2 + 0*d - 11/3*d**3. Calculate k(-9).
5
Let a(i) = -7*i**3 + 13*i**2 - 16*i - 9. Let t(o) = -9*o**3 + 15*o**2 - 18*o - 12. Let j(b) = -5*a(b) + 4*t(b). Calculate j(-7).
39
Let w(i) = 4*i**2 - 5*i + 33. Let q be w(4). Let o = q - 66. Let v(b) = b**2 - 11*b - 3. Calculate v(o).
-3
Suppose 0 = -79*l - 438 - 431. Let z(x) = -x**2 - 14*x + 2. What is z(l)?
35
Let k(u) = 2*u + 2*u**2 + 1 - 2 - 3 + 1 - 11*u**3 + 13*u**3. Determine k(2).
25
Let u(q) = 8 + 104*q**2 - 105*q**2 + 445*q - 440*q. Calculate u(-2).
-6
Let l(o) = -o**3 + 4*o**2 + 9*o - 5. Let w = 640 - 642. Let y be ((-1)/4*w)/(54/540). Determine l(y).
15
Let z(p) = p**2 + 13*p - 24. Suppose 5*g = 20, -c - 378 = -3*g - 354. Calculate z(c).
-36
Let t(g) be the second derivative of -g**4/12 + g**3/3 + g**2/2 - 131*g. Suppose -2*m - m = -12. Let l be t(m). Let h(d) = -d**2 - 7*d - 1. What is h(l)?
-1
Let u(y) be the first derivative of -y**4/2 + 4*y**3 - y**2 - 9*y + 2842. Give u(6).
-21
Let n(b) be the first derivative of b**4/4 + 32*b**3/3 + 87*b**2/2 + 22*b + 5370. Calculate n(-29).
22
Let x(q) = q**2 + 6*q + 6. Suppose 2*a = -a + 4*n + 301, 5*n = -a + 75. Let b = 90 - a. Give x(b).
1
Let u(n) = n**3 + 26*n**2 + 108*n + 68. Let d(f) = -2*f**2 - 6*f - 1. Let b be d(-5). Let w be u(b). Let s(l) = -7 - l**2 - 2*l + 2*l + 6*l. What is s(w)?
-2
Suppose 3*z + z - 48 = 0. Let i(l) = 46 + 12*l + 46*l**3 - 45*l**3 - 40 - 13*l**2. Calculate i(z).
6
Let a(l) = l**2 - 61. Suppose 0 = 5*w + 2*p + 61, -36 - 41 = 5*w + 4*p. Give a(w).
20
Let c(o) = -o**3 + 1558*o**2 + 0 - 774*o**2 - 17*o - 774*o**2 + 2. What is c(3)?
14
Let l(y) = y**2 - 6*y - 20. Let x be (-2)/14 + -423*(